{"id":1192,"date":"2024-02-06T12:53:56","date_gmt":"2024-02-06T11:53:56","guid":{"rendered":"http:\/\/afirma-juridico.local\/?page_id=1192"},"modified":"2026-01-20T12:05:26","modified_gmt":"2026-01-20T11:05:26","slug":"politica-de-privacidad","status":"publish","type":"page","link":"https:\/\/afirmajuridico.com\/cat\/politica-de-privacidad\/","title":{"rendered":"Pol\u00edtica de privadesa"},"content":{"rendered":"<div data-elementor-type=\"wp-page\" data-elementor-id=\"1192\" class=\"elementor elementor-1192\" data-elementor-post-type=\"page\">\n\t\t\t\t<div class=\"elementor-element elementor-element-539ee4ea e-con-full e-flex e-con e-parent\" data-id=\"539ee4ea\" data-element_type=\"container\" data-e-type=\"container\">\n\t\t\t\t<div class=\"elementor-element elementor-element-11534f0a elementor-widget elementor-widget-text-editor\" data-id=\"11534f0a\" data-element_type=\"widget\" data-e-type=\"widget\" data-widget_type=\"text-editor.default\">\n\t\t\t\t<div class=\"elementor-widget-container\">\n\t\t\t\t\t\t\t\t\t\n<p>\u00a0<\/p>\n\n<h1><strong>Pol\u00edtica de privadesa<\/strong><\/h1>\n\n<p><strong>\u00a0<\/strong><strong>\u00a0<\/strong><\/p>\n<p>AFIRMA JUR\u00cdDIC, Serveis Jur\u00eddics i Mediaci\u00f3 <strong>\u00ae<\/strong> est\u00e0 subjecta, en l&#039;exercici de la seva activitat al deure de secret professional regulat, entre altres normes, a la Normativa de l&#039;Advocacia Catalana del Consell dels Il\u00b7lustres Col\u00b7legis d&#039;Advocats de Catalunya (Annex a la Resoluci\u00f3 JUS\/110\/2019, de 22 de gener, DOGC 30\/01\/2019). Es pot consultar <a href=\"https:\/\/www.icab.es\/export\/sites\/icab\/.galleries\/documents-col-legi\/documents-de-normativa\/normativa-de-la-abogacia-catalana.-dogc-num.-7799-de-30-de-enero-de-2019.pdf\">clicant aqu\u00ed<\/a>.<\/p>\n<p>Sense perjudici d&#039;aix\u00f2, de conformitat amb la normativa sobre protecci\u00f3 de dades personals, es fa constar el seg\u00fcent:<\/p>\n<p>\u00a0<\/p>\n<ol>\n<li><strong> Acc\u00e9s a dades personals i pol\u00edtica de protecci\u00f3.<\/strong> AFIRMA JUR\u00cdDIC pot accedir a dades personals de clients i de tercers mitjan\u00e7ant la sol\u00b7licitud de contacte amb el despatx a trav\u00e9s d&#039;aquest web, per correu electr\u00f2nic, per tel\u00e8fon o en el transcurs de la prestaci\u00f3 de serveis contractats.<\/li>\n<\/ol>\n<p style=\"padding-left: 40px;\">Aquest document cont\u00e9 la Pol\u00edtica que, en mat\u00e8ria de Protecci\u00f3 de Dades Personals, AFIRMA JUR\u00cdDIC, Serveis Jur\u00eddics i Mediaci\u00f3 (d&#039;ara endavant, AFIRMA JUR\u00cdDIC) t\u00e9 adoptada en mat\u00e8ria de Protecci\u00f3 de Dades Personals.<\/p>\n<p>\u00a0<\/p>\n<ol start=\"2\">\n<li><strong> El responsable del tractament de les dades. <\/strong>El responsable del tractament de dades \u00e9s AFIRMA JUR\u00cdDIC, que tamb\u00e9 pot actuar com a encarregada del tractament per compte d&#039;altres responsables que subcontractin AFIRMA JUR\u00cdDIC o que per qualsevol motiu leg\u00edtim hagin perm\u00e8s a AFIRMA JUR\u00cdDIC l&#039;acc\u00e9s a les dades de l&#039;interessat.<\/li>\n<\/ol>\n<p style=\"padding-left: 40px;\">Dades identificatives del Responsable:<\/p>\n<ol>\n<li>Nom i cognoms del Titular: Antonio L\u00f3pez Gallego, titular de la marca registrada Afirma, Serveis Jur\u00eddics i Mediaci\u00f3.<\/li>\n<li>Denominaci\u00f3 comercial: AFIRMA JUR\u00cdDIC, Serveis Jur\u00eddics i Mediaci\u00f3 <strong>\u00ae<\/strong><\/li>\n<li>Domicili professional: Edifici BCIN, c\/ Marcus Porcius, 1, 08915 Badalona.<\/li>\n<li>Correu Electr\u00f2nic:<a href=\"mailto:antonio.lopez@afirmajuridico.com\">lopez@afirmajuridico.com<\/a><\/li>\n<li>NIF: 39856995L<\/li>\n<\/ol>\n<p><strong>\u00a0<\/strong><\/p>\n<ol start=\"3\">\n<li><strong> Finalitats principals del tractament de les vostres dades i el termini de conservaci\u00f3.<\/strong><\/li>\n<\/ol>\n<p>Les dades de les persones que contactin AFIRMA JUR\u00cdDIC podran ser facilitades per a les finalitats que s&#039;indiquen a la taula seg\u00fcent, juntament amb el termini de conservaci\u00f3 de les vostres dades: \u00a0<\/p>\n<p>\u00a0<\/p>\n<table width=\"576\">\n<tbody>\n<tr>\n<td width=\"312\">\n<p><strong>Finalitat i \u00fas<\/strong><\/p>\n<\/td>\n<td width=\"265\">\n<p><strong>Termini conservaci\u00f3<\/strong><\/p>\n<\/td>\n<\/tr>\n<tr>\n<td width=\"312\">\n<p>Sol\u00b7licitar informaci\u00f3 diferent d&#039;una consulta jur\u00eddica: per donar resposta a la sol\u00b7licitud<\/p>\n<\/td>\n<td width=\"265\">\n<p>3 mesos des de la resposta<\/p>\n<\/td>\n<\/tr>\n<tr>\n<td width=\"312\">\n<p>Contractar el servei o dur a terme la mediaci\u00f3 per designaci\u00f3 d&#039;un tercer, incloses les consultes de naturalesa jur\u00eddica: per poder dur a terme el servei contractat i fer comunicacions oficials a autoritats de supervisi\u00f3<\/p>\n<\/td>\n<td width=\"265\">\n<p>Termini de prescripci\u00f3, segons la naturalesa de la sol\u00b7licitud, una vegada finalitzat el servei o transcurs del termini legal de posada a disposici\u00f3 de les autoritats<\/p>\n<\/td>\n<\/tr>\n<tr>\n<td width=\"312\">\n<p>Rebre notificacions per mitjans electr\u00f2nics i postals relacionades amb activitat d&#039;AFIRMA JUR\u00cdDIC: per a enviar-lo.<\/p>\n<\/td>\n<td width=\"265\">\n<p>3 mesos des de la finalitzaci\u00f3 del servei de subscripci\u00f3<\/p>\n<\/td>\n<\/tr>\n<\/tbody>\n<\/table>\n<p>\u00a0<\/p>\n<ol start=\"4\">\n<li><strong> Enregistrament de trucades<\/strong>. Per motius legals, seguretat i qualitat, les trucades realitzades a AFIRMA JUR\u00cdDIC podran ser enregistrades, de la qual cosa s&#039;informar\u00e0 pr\u00e8viament a l&#039;interessat.<\/li>\n<\/ol>\n<p>\u00a0<\/p>\n<ol start=\"5\">\n<li><strong> La legitimaci\u00f3 per al tractament de les dades. <\/strong>AFIRMA JUR\u00cdDIC est\u00e0 legitimada per al tractament en tots els casos anteriors, pel consentiment de l&#039;interessat que comporta la seva sol\u00b7licitud i, si escau, pel contracte de servei o enc\u00e0rrec professional. En el cas de comunicacions a les autoritats de prevenci\u00f3 de blanqueig de capitals i d&#039;altres, si escau, la legitimaci\u00f3 ve pel compliment de la norma.<\/li>\n<\/ol>\n<p>\u00a0<\/p>\n<ol start=\"6\">\n<li><strong> Qui podr\u00e0 ser destinatari de la comunicaci\u00f3 de dades?. <\/strong>AFIRMA JUR\u00cdDIC nom\u00e9s donar\u00e0 acc\u00e9s a les dades de l&#039;interessat a tercers quan sigui necessari per a la prestaci\u00f3 del servei prestat o com a conseq\u00fc\u00e8ncia d&#039;aquest o, si escau, quan ho sol\u00b7liciti o consenti l&#039;interessat.<\/li>\n<\/ol>\n<p style=\"padding-left: 40px;\">Aix\u00ed, en funci\u00f3 del servei contractat, les dades es podran comunicar a administracions p\u00fabliques i registres, notaris, procuradors i advocats, gestories, administradors de finques. Tamb\u00e9 \u00e9s possible que s&#039;hagin de comunicar a les autoritats de supervisi\u00f3 com les de prevenci\u00f3 de blanqueig de capitals i finan\u00e7ament de terrorisme.<\/p>\n<p style=\"padding-left: 40px;\">D&#039;altra banda, AFIRMA JUR\u00cdDIC utilitza Google Analytics per fer una an\u00e0lisi i m\u00e8trica de l&#039;\u00fas que els usuaris fan de la web a trav\u00e9s de les cookies. La informaci\u00f3 que generen i recopilen aquestes galetes sobre l&#039;\u00fas (incloent-hi l&#039;adre\u00e7a IP) ser\u00e0 directament transmesa i arxivada per Google Inc., ubicada a Delaware, 1600 Amphitheatre Parkway, Mountain View (Calif\u00f2rnia), CA 94043 dels Estats Units (\u201cGoogle\u201d), als seus servidors dels Estats Units.<\/p>\n<p>\u00a0<\/p>\n<ol start=\"7\">\n<li><strong> Quins s\u00f3n els drets de l&#039;usuari quan facilita les dades? <\/strong>Qualsevol persona t\u00e9 dret a obtenir confirmaci\u00f3 sobre si AFIRMA JUR\u00cdDIC tracta les dades personals o no. Els drets de l&#039;interessat s\u00f3n: (i) accedir a les vostres dades personals, (ii) sol\u00b7licitar la rectificaci\u00f3 de les dades inexactes, (iii) sol\u00b7licitar la supressi\u00f3 quan, entre altres motius, les dades ja no siguin necess\u00e0ries per als fins per als quals van ser recollides, (iv) en determinades ocasions, l&#039;interessat podr\u00e0 sol\u00b7licitar la limitaci\u00f3 del tractament de les seves dades, (v) oposar-se al tractament. En aquests dos darrers casos, la petici\u00f3 de l&#039;interessat per a la limitaci\u00f3 o l&#039;oposici\u00f3 al tractament pot suposar que no es podr\u00e0 prestar el servei i, en tot cas, AFIRMA JUR\u00cdDICO podr\u00e0 conservar les dades per motius leg\u00edtims motius, com entre d&#039;altres, el compliment d&#039;una norma, l&#039;exercici d&#039;accions legals o la defensa davant de reclamacions del client interessat. (vi) els interessats tamb\u00e9 tenen dret a la portabilitat de les seves dades i (vii) a retirar el consentiment prestat.<\/li>\n<\/ol>\n<p style=\"padding-left: 40px;\">L&#039;interessat, per exercir els drets anteriors, ho haur\u00e0 de fer per escrit a AFIRMA JUR\u00cdDIC, indicant-ne el nom, cognoms i adre\u00e7a, acompanyat d&#039;una c\u00f2pia del document oficial d&#039;identificaci\u00f3 a trav\u00e9s del correu electr\u00f2nic o postal certificat a les adreces indicades a l&#039;apartat 2 anterior. Lexercici de tals drets en gratu\u00eft.<\/p>\n<p style=\"padding-left: 40px;\">AFIRMA JUR\u00cdDIC respondr\u00e0 a la sol\u00b7licitud efectuada en el termini de 10 dies.<\/p>\n<p style=\"padding-left: 40px;\">Si l&#039;interessat desitja informaci\u00f3 addicional, la pot sol\u00b7licitar per correu electr\u00f2nic a la mateixa adre\u00e7a indicada o per tel\u00e8fon 934648003.<\/p>\n<p style=\"padding-left: 40px;\">A l&#039;interessat us assisteix el dret a presentar reclamaci\u00f3 sense cost davant l&#039;Ag\u00e8ncia Espanyola de Protecci\u00f3 de Dades (AEPD)<\/p>\n<p>\u00a0<\/p>\n<ol start=\"8\">\n<li><strong> Qu\u00e8 passa amb les dades que l&#039;interessat comuniqui a tercers des de la present p\u00e0gina web?. <\/strong>AFIRMA JUR\u00cdDIC no es responsabilitza del tractament que puguin fer Terceres persones a qui es contacti a trav\u00e9s de l&#039;enlla\u00e7 de la present web. L&#039;usuari hauria de revisar, en aquests casos, la pol\u00edtica de tractament de dades dels responsables del tractament.<\/li>\n<\/ol>\n<p>\u00a0<\/p>\n<ol start=\"9\">\n<li><strong> Rebreu l&#039;interessat comunicacions informatives o comercials de <\/strong><strong>AFIRMA JUR\u00cdDIC<\/strong><strong>?. <\/strong>Nom\u00e9s en els casos en qu\u00e8 l&#039;interessat aix\u00ed ho accepti expressament i inequ\u00edvocament AFIRMA JUR\u00cdDIC us remetr\u00e0 informaci\u00f3 de l&#039;activitat d&#039;AFIRMA JUR\u00cdDIC, not\u00edcies i documents de contingut jur\u00eddic. En aquests casos es poden trametre comunicacions per correu electr\u00f2nic, telef\u00f2nic o postal.<\/li>\n<\/ol>\n<p><strong>\u00a0<\/strong><\/p>\n<ol start=\"10\">\n<li><strong> Pol\u00edtica de galetes (<em>cookies<\/em>). <\/strong>AFIRMA JUR\u00cdDIC recomana als usuaris configurar el seu navegador per acceptar o rebutjar per defecte totes les cookies o per rebre un av\u00eds en pantalla de la recepci\u00f3 de cada galeta i decidir en aquell moment la seva implantaci\u00f3 o no al disc dur. Per a m\u00e9s informaci\u00f3 podeu consultar la <a href=\"https:\/\/afirmajuridico.com\/cat\/politica-de-cookies\/\">Pol\u00edtica de cookies<\/a>.<\/li>\n<\/ol>\n<p>\u00a0<\/p>\n\t\t\t\t\t\t\t\t<\/div>\n\t\t\t\t<\/div>\n\t\t\t\t<\/div>\n\t\t\t\t<\/div>","protected":false},"excerpt":{"rendered":"<p>\u00a0 Pol\u00edtica de privacidad \u00a0\u00a0 AFIRMA JUR\u00cdDICO, Servicios Jur\u00eddicos y Mediaci\u00f3n \u00ae est\u00e1 sujeta, en el ejercicio de su actividad [&hellip;]<\/p>\n","protected":false},"author":1,"featured_media":0,"parent":0,"menu_order":0,"comment_status":"closed","ping_status":"closed","template":"","meta":{"site-sidebar-layout":"default","site-content-layout":"","ast-site-content-layout":"","site-content-style":"default","site-sidebar-style":"default","ast-global-header-display":"","ast-banner-title-visibility":"","ast-main-header-display":"","ast-hfb-above-header-display":"","ast-hfb-below-header-display":"","ast-hfb-mobile-header-display":"","site-post-title":"","ast-breadcrumbs-content":"","ast-featured-img":"","footer-sml-layout":"","ast-disable-related-posts":"","theme-transparent-header-meta":"","adv-header-id-meta":"","stick-header-meta":"","header-above-stick-meta":"","header-main-stick-meta":"","header-below-stick-meta":"","astra-migrate-meta-layouts":"default","ast-page-background-enabled":"default","ast-page-background-meta":{"desktop":{"background-color":"var(--ast-global-color-4)","background-image":"","background-repeat":"repeat","background-position":"center center","background-size":"auto","background-attachment":"scroll","background-type":"","background-media":"","overlay-type":"","overlay-color":"","overlay-opacity":"","overlay-gradient":""},"tablet":{"background-color":"","background-image":"","background-repeat":"repeat","background-position":"center center","background-size":"auto","background-attachment":"scroll","background-type":"","background-media":"","overlay-type":"","overlay-color":"","overlay-opacity":"","overlay-gradient":""},"mobile":{"background-color":"","background-image":"","background-repeat":"repeat","background-position":"center center","background-size":"auto","background-attachment":"scroll","background-type":"","background-media":"","overlay-type":"","overlay-color":"","overlay-opacity":"","overlay-gradient":""}},"ast-content-background-meta":{"desktop":{"background-color":"var(--ast-global-color-5)","background-image":"","background-repeat":"repeat","background-position":"center center","background-size":"auto","background-attachment":"scroll","background-type":"","background-media":"","overlay-type":"","overlay-color":"","overlay-opacity":"","overlay-gradient":""},"tablet":{"background-color":"var(--ast-global-color-5)","background-image":"","background-repeat":"repeat","background-position":"center center","background-size":"auto","background-attachment":"scroll","background-type":"","background-media":"","overlay-type":"","overlay-color":"","overlay-opacity":"","overlay-gradient":""},"mobile":{"background-color":"var(--ast-global-color-5)","background-image":"","background-repeat":"repeat","background-position":"center center","background-size":"auto","background-attachment":"scroll","background-type":"","background-media":"","overlay-type":"","overlay-color":"","overlay-opacity":"","overlay-gradient":""}},"footnotes":""},"class_list":["post-1192","page","type-page","status-publish","hentry"],"yoast_head":"<!-- This site is optimized with the Yoast SEO plugin v27.5 - https:\/\/yoast.com\/product\/yoast-seo-wordpress\/ -->\n<title>Pol\u00edtica de privacidad - Afirma Juridico<\/title>\n<meta name=\"robots\" content=\"index, follow, max-snippet:-1, max-image-preview:large, max-video-preview:-1\" \/>\n<link rel=\"canonical\" href=\"https:\/\/afirmajuridico.com\/cat\/politica-de-privacidad\/\" \/>\n<meta property=\"og:locale\" content=\"ca_ES\" \/>\n<meta property=\"og:type\" content=\"article\" \/>\n<meta property=\"og:title\" content=\"Pol\u00edtica de privacidad - Afirma Juridico\" \/>\n<meta property=\"og:description\" content=\"\u00a0 Pol\u00edtica de privacidad \u00a0\u00a0 AFIRMA JUR\u00cdDICO, Servicios Jur\u00eddicos y Mediaci\u00f3n \u00ae est\u00e1 sujeta, en el ejercicio de su actividad [&hellip;]\" \/>\n<meta property=\"og:url\" content=\"https:\/\/afirmajuridico.com\/cat\/politica-de-privacidad\/\" \/>\n<meta property=\"og:site_name\" content=\"Afirma Juridico\" \/>\n<meta property=\"article:modified_time\" content=\"2026-01-20T11:05:26+00:00\" \/>\n<meta name=\"twitter:card\" content=\"summary_large_image\" \/>\n<meta name=\"twitter:label1\" content=\"Temps estimat de lectura\" \/>\n\t<meta name=\"twitter:data1\" content=\"6 minuts\" \/>\n<script type=\"application\/ld+json\" class=\"yoast-schema-graph\">{\"@context\":\"https:\\\/\\\/schema.org\",\"@graph\":[{\"@type\":\"WebPage\",\"@id\":\"https:\\\/\\\/afirmajuridico.com\\\/politica-de-privacidad\\\/\",\"url\":\"https:\\\/\\\/afirmajuridico.com\\\/politica-de-privacidad\\\/\",\"name\":\"Pol\u00edtica de privacidad - Afirma Juridico\",\"isPartOf\":{\"@id\":\"https:\\\/\\\/afirmajuridico.com\\\/#website\"},\"datePublished\":\"2024-02-06T11:53:56+00:00\",\"dateModified\":\"2026-01-20T11:05:26+00:00\",\"breadcrumb\":{\"@id\":\"https:\\\/\\\/afirmajuridico.com\\\/politica-de-privacidad\\\/#breadcrumb\"},\"inLanguage\":\"ca\",\"potentialAction\":[{\"@type\":\"ReadAction\",\"target\":[\"https:\\\/\\\/afirmajuridico.com\\\/politica-de-privacidad\\\/\"]}]},{\"@type\":\"BreadcrumbList\",\"@id\":\"https:\\\/\\\/afirmajuridico.com\\\/politica-de-privacidad\\\/#breadcrumb\",\"itemListElement\":[{\"@type\":\"ListItem\",\"position\":1,\"name\":\"Portada\",\"item\":\"https:\\\/\\\/afirmajuridico.com\\\/\"},{\"@type\":\"ListItem\",\"position\":2,\"name\":\"Pol\u00edtica de privacidad\"}]},{\"@type\":\"WebSite\",\"@id\":\"https:\\\/\\\/afirmajuridico.com\\\/#website\",\"url\":\"https:\\\/\\\/afirmajuridico.com\\\/\",\"name\":\"Afirma Juridico\",\"description\":\"\",\"potentialAction\":[{\"@type\":\"SearchAction\",\"target\":{\"@type\":\"EntryPoint\",\"urlTemplate\":\"https:\\\/\\\/afirmajuridico.com\\\/?s={search_term_string}\"},\"query-input\":{\"@type\":\"PropertyValueSpecification\",\"valueRequired\":true,\"valueName\":\"search_term_string\"}}],\"inLanguage\":\"ca\"}]}<\/script>\n<!-- \/ Yoast SEO plugin. -->","yoast_head_json":{"title":"Pol\u00edtica de privadesa - Afirma Juridico","robots":{"index":"index","follow":"follow","max-snippet":"max-snippet:-1","max-image-preview":"max-image-preview:large","max-video-preview":"max-video-preview:-1"},"canonical":"https:\/\/afirmajuridico.com\/cat\/politica-de-privacidad\/","og_locale":"ca_ES","og_type":"article","og_title":"Pol\u00edtica de privacidad - Afirma Juridico","og_description":"\u00a0 Pol\u00edtica de privacidad \u00a0\u00a0 AFIRMA JUR\u00cdDICO, Servicios Jur\u00eddicos y Mediaci\u00f3n \u00ae est\u00e1 sujeta, en el ejercicio de su actividad [&hellip;]","og_url":"https:\/\/afirmajuridico.com\/cat\/politica-de-privacidad\/","og_site_name":"Afirma Juridico","article_modified_time":"2026-01-20T11:05:26+00:00","twitter_card":"summary_large_image","twitter_misc":{"Temps estimat de lectura":"6 minuts"},"schema":{"@context":"https:\/\/schema.org","@graph":[{"@type":"WebPage","@id":"https:\/\/afirmajuridico.com\/politica-de-privacidad\/","url":"https:\/\/afirmajuridico.com\/politica-de-privacidad\/","name":"Pol\u00edtica de privadesa - Afirma Juridico","isPartOf":{"@id":"https:\/\/afirmajuridico.com\/#website"},"datePublished":"2024-02-06T11:53:56+00:00","dateModified":"2026-01-20T11:05:26+00:00","breadcrumb":{"@id":"https:\/\/afirmajuridico.com\/politica-de-privacidad\/#breadcrumb"},"inLanguage":"ca","potentialAction":[{"@type":"ReadAction","target":["https:\/\/afirmajuridico.com\/politica-de-privacidad\/"]}]},{"@type":"BreadcrumbList","@id":"https:\/\/afirmajuridico.com\/politica-de-privacidad\/#breadcrumb","itemListElement":[{"@type":"ListItem","position":1,"name":"Portada","item":"https:\/\/afirmajuridico.com\/"},{"@type":"ListItem","position":2,"name":"Pol\u00edtica de privacidad"}]},{"@type":"WebSite","@id":"https:\/\/afirmajuridico.com\/#website","url":"https:\/\/afirmajuridico.com\/","name":"Afirma Juridico","description":"","potentialAction":[{"@type":"SearchAction","target":{"@type":"EntryPoint","urlTemplate":"https:\/\/afirmajuridico.com\/?s={search_term_string}"},"query-input":{"@type":"PropertyValueSpecification","valueRequired":true,"valueName":"search_term_string"}}],"inLanguage":"ca"}]}},"_links":{"self":[{"href":"https:\/\/afirmajuridico.com\/cat\/wp-json\/wp\/v2\/pages\/1192","targetHints":{"allow":["GET"]}}],"collection":[{"href":"https:\/\/afirmajuridico.com\/cat\/wp-json\/wp\/v2\/pages"}],"about":[{"href":"https:\/\/afirmajuridico.com\/cat\/wp-json\/wp\/v2\/types\/page"}],"author":[{"embeddable":true,"href":"https:\/\/afirmajuridico.com\/cat\/wp-json\/wp\/v2\/users\/1"}],"replies":[{"embeddable":true,"href":"https:\/\/afirmajuridico.com\/cat\/wp-json\/wp\/v2\/comments?post=1192"}],"version-history":[{"count":31,"href":"https:\/\/afirmajuridico.com\/cat\/wp-json\/wp\/v2\/pages\/1192\/revisions"}],"predecessor-version":[{"id":1982,"href":"https:\/\/afirmajuridico.com\/cat\/wp-json\/wp\/v2\/pages\/1192\/revisions\/1982"}],"wp:attachment":[{"href":"https:\/\/afirmajuridico.com\/cat\/wp-json\/wp\/v2\/media?parent=1192"}],"curies":[{"name":"wp","href":"https:\/\/api.w.org\/{rel}","templated":true}]}}